{"id":3577,"date":"2018-08-09T11:34:12","date_gmt":"2018-08-09T11:34:12","guid":{"rendered":"http:\/\/localhost\/parroquia\/?page_id=3577"},"modified":"2020-07-14T09:37:47","modified_gmt":"2020-07-14T09:37:47","slug":"matrimonios","status":"publish","type":"page","link":"https:\/\/parroquiamilagrosa.es\/?page_id=3577","title":{"rendered":"Matrimonio"},"content":{"rendered":"<h2>Que \u00e9 o matrimonio?<\/h2>\n<p>O matrimonio \u00e9 un dos sete sacramentos da Igrexa polo cal a muller e o home se unen en alianza nunha comunidade de amor, aberta a vida e \u00f3 cuidados dos fillos e fillas, formando unha familia.<\/p>\n<p>O mais profundo do Sacramento do matrimonio \u00e9 que o amor da parella e un signo do amor de Cristo. O matrimonio \u00e9 un sacramento que conleva unha vivencia de fe e, esixe o desexo de vivir en parella tal e como \u00e9 presentado pola Igrexa.<\/p>\n<h3>Pasos a dar:<\/h3>\n<ul>\n<li><strong>1.-<\/strong> Partida de Bautismo de cada un (lembrade que caducan aos seis meses da s\u00faa expedicion).<\/li>\n<li><strong>2.-<\/strong>\u00a0D\u00faas testemu\u00f1as que dean fe de que o que manifestades no expediente e veraz e de que reunides as condici\u00f3ns e ectitudes precisas para celebrar o Matrimonio e o Sacramento.<\/li>\n<li><strong>3.-<\/strong>\u00a0Formaci\u00f3n espec\u00edfica para recibir este Sacramento. Na diocese ofr\u00e9cense d\u00faas posibilidades:\n<ul>\n<li><em>a)<\/em>\u00a0Unhas charlas co parroco ou sacerdote que oficir\u00e1 a vosa voda.<\/li>\n<li><em>b)<\/em>\u00a0A participaci\u00f3n nos encontros prematrimoniais, que periodicamente se organizan nas parroquias da cidade e nas vilas da diocese.<\/li>\n<\/ul>\n<\/li>\n<\/ul>\n<h3>Documentaci\u00f3n necesaria para realizar o expediente matrimonial<\/h3>\n<ul>\n<li>Partida de Bautismo (Legalizada se \u00e9 de fora da di\u00f3cese)<\/li>\n<li>Certificado de asistencia os Encontros Prematrimoniais.<\/li>\n<li>Partida de Nacemento<\/li>\n<li>Fotocopia do DNI dos noivos + DNI dos testigos (2)<\/li>\n<\/ul>\n<p>A documentaci\u00f3n ten unha vixencia m\u00e1xima de 6 meses.<\/p>\n<p>Para fixar unha data de matrimonio ou realizar o expediente matrimonial previo \u00e9 necesario concertar cita no despacho parroquial.<\/p>\n","protected":false},"excerpt":{"rendered":"<p>Que \u00e9 o matrimonio? O matrimonio \u00e9 un dos sete sacramentos da Igrexa polo cal a muller e o home se unen en alianza nunha comunidade de amor, aberta a vida e \u00f3 cuidados dos fillos e fillas, formando unha familia. O mais profundo do Sacramento do matrimonio \u00e9 que o amor da parella e un signo do amor de Cristo. O matrimonio \u00e9 un sacramento que conleva unha vivencia de fe e, esixe o desexo de vivir en parella&hellip;<\/p>\n","protected":false},"author":1,"featured_media":0,"parent":0,"menu_order":0,"comment_status":"closed","ping_status":"closed","template":"","meta":[],"_links":{"self":[{"href":"https:\/\/parroquiamilagrosa.es\/index.php?rest_route=\/wp\/v2\/pages\/3577"}],"collection":[{"href":"https:\/\/parroquiamilagrosa.es\/index.php?rest_route=\/wp\/v2\/pages"}],"about":[{"href":"https:\/\/parroquiamilagrosa.es\/index.php?rest_route=\/wp\/v2\/types\/page"}],"author":[{"embeddable":true,"href":"https:\/\/parroquiamilagrosa.es\/index.php?rest_route=\/wp\/v2\/users\/1"}],"replies":[{"embeddable":true,"href":"https:\/\/parroquiamilagrosa.es\/index.php?rest_route=%2Fwp%2Fv2%2Fcomments&post=3577"}],"version-history":[{"count":7,"href":"https:\/\/parroquiamilagrosa.es\/index.php?rest_route=\/wp\/v2\/pages\/3577\/revisions"}],"predecessor-version":[{"id":4013,"href":"https:\/\/parroquiamilagrosa.es\/index.php?rest_route=\/wp\/v2\/pages\/3577\/revisions\/4013"}],"wp:attachment":[{"href":"https:\/\/parroquiamilagrosa.es\/index.php?rest_route=%2Fwp%2Fv2%2Fmedia&parent=3577"}],"curies":[{"name":"wp","href":"https:\/\/api.w.org\/{rel}","templated":true}]}}