{"id":3583,"date":"2018-08-09T11:34:48","date_gmt":"2018-08-09T11:34:48","guid":{"rendered":"http:\/\/localhost\/parroquia\/?page_id=3583"},"modified":"2020-07-09T10:41:52","modified_gmt":"2020-07-09T10:41:52","slug":"caritas","status":"publish","type":"page","link":"https:\/\/parroquiamilagrosa.es\/?page_id=3583","title":{"rendered":"C\u00e1ritas parroquial"},"content":{"rendered":"<h3>C\u00e1ritas parroquial<\/h3>\n<p>C\u00e1ritas \u00e9 a dimensi\u00f3n o acci\u00f3n caritativa e social da Igrexa. A s\u00faa misi\u00f3n principal \u00e9 a de promover o desarrollo integral das personas e dos pobos, especialmente dos m\u00e1is pobres e excluidos.<br \/>\nEntre os seus valores est\u00e1 a caridad, como fundamento e identidad de dita acci\u00f3n, a centralidade da persoa, a verdade, a xustiza, a participaci\u00f3n, a solidaridade, aausteridad, o esp\u00edritu de mellora e a transparencia.<\/p>\n<h3>Atenci\u00f3n<\/h3>\n<p>Co desexo de facer real e concreta esta caridade, a nosa Parroquia conta con esta acci\u00f3n caritativa. Un grupo de voluntarios fan posible que cada xoves pola tarde se faga entrega de una pequena axuda \u00e1s familias que habitan dentro dos l\u00edmites parroquias. Cada mes atendemos preta de 150 familias.<\/p>\n<h3>Recollida de alimentos<\/h3>\n<p>Para que cada xoves podamos facer entrega dunha bolsa de alimentos para as devanditas familias \u00e9 necesaria a xenerosidade e solidaridade de todos. Por iso os d\u00edas recollemos alimentos que poden ser depositados ou ben no despacho parroquial o ben no cesto que se atopa \u00e1 entrada do interior da igrexa.<\/p>\n","protected":false},"excerpt":{"rendered":"<p>C\u00e1ritas parroquial C\u00e1ritas \u00e9 a dimensi\u00f3n o acci\u00f3n caritativa e social da Igrexa. A s\u00faa misi\u00f3n principal \u00e9 a de promover o desarrollo integral das personas e dos pobos, especialmente dos m\u00e1is pobres e excluidos. Entre os seus valores est\u00e1 a caridad, como fundamento e identidad de dita acci\u00f3n, a centralidade da persoa, a verdade, a xustiza, a participaci\u00f3n, a solidaridade, aausteridad, o esp\u00edritu de mellora e a transparencia. Atenci\u00f3n Co desexo de facer real e concreta esta caridade, a&hellip;<\/p>\n","protected":false},"author":1,"featured_media":0,"parent":0,"menu_order":0,"comment_status":"closed","ping_status":"closed","template":"","meta":[],"_links":{"self":[{"href":"https:\/\/parroquiamilagrosa.es\/index.php?rest_route=\/wp\/v2\/pages\/3583"}],"collection":[{"href":"https:\/\/parroquiamilagrosa.es\/index.php?rest_route=\/wp\/v2\/pages"}],"about":[{"href":"https:\/\/parroquiamilagrosa.es\/index.php?rest_route=\/wp\/v2\/types\/page"}],"author":[{"embeddable":true,"href":"https:\/\/parroquiamilagrosa.es\/index.php?rest_route=\/wp\/v2\/users\/1"}],"replies":[{"embeddable":true,"href":"https:\/\/parroquiamilagrosa.es\/index.php?rest_route=%2Fwp%2Fv2%2Fcomments&post=3583"}],"version-history":[{"count":4,"href":"https:\/\/parroquiamilagrosa.es\/index.php?rest_route=\/wp\/v2\/pages\/3583\/revisions"}],"predecessor-version":[{"id":3833,"href":"https:\/\/parroquiamilagrosa.es\/index.php?rest_route=\/wp\/v2\/pages\/3583\/revisions\/3833"}],"wp:attachment":[{"href":"https:\/\/parroquiamilagrosa.es\/index.php?rest_route=%2Fwp%2Fv2%2Fmedia&parent=3583"}],"curies":[{"name":"wp","href":"https:\/\/api.w.org\/{rel}","templated":true}]}}

Cáritas parroquial

<h3>Cáritas parroquial</h3>
<p>Cáritas é a dimensión o acción caritativa e social da Igrexa. A súa misión principal é a de promover o desarrollo integral das personas e dos pobos, especialmente dos máis pobres e excluidos.<br />
Entre os seus valores está a caridad, como fundamento e identidad de dita acción, a centralidade da persoa, a verdade, a xustiza, a participación, a solidaridade, aausteridad, o espíritu de mellora e a transparencia.</p>
<h3>Atención</h3>
<p>Co desexo de facer real e concreta esta caridade, a nosa Parroquia conta con esta acción caritativa. Un grupo de voluntarios fan posible que cada xoves pola tarde se faga entrega de una pequena axuda ás familias que habitan dentro dos límites parroquias. Cada mes atendemos preta de 150 familias.</p>
<h3>Recollida de alimentos</h3>
<p>Para que cada xoves podamos facer entrega dunha bolsa de alimentos para as devanditas familias é necesaria a xenerosidade e solidaridade de todos. Por iso os días recollemos alimentos que poden ser depositados ou ben no despacho parroquial o ben no cesto que se atopa á entrada do interior da igrexa.</p>

<p>Cáritas parroquial Cáritas é a dimensión o acción caritativa e social da Igrexa. A súa misión principal é a de promover o desarrollo integral das personas e dos pobos, especialmente dos máis pobres e excluidos. Entre os seus valores está a caridad, como fundamento e identidad de dita acción, a centralidade da persoa, a verdade, a xustiza, a participación, a solidaridade, aausteridad, o espíritu de mellora e a transparencia. Atención Co desexo de facer real e concreta esta caridade, a&hellip;</p>
