{"id":3827,"date":"2020-06-04T09:52:37","date_gmt":"2020-06-04T09:52:37","guid":{"rendered":"http:\/\/parroquiamilagrosa.es\/wp\/?page_id=3827"},"modified":"2020-07-02T11:05:17","modified_gmt":"2020-07-02T11:05:17","slug":"eucaristia","status":"publish","type":"page","link":"https:\/\/parroquiamilagrosa.es\/?page_id=3827","title":{"rendered":"Eucarist\u00eda"},"content":{"rendered":"<p>A Eucarist\u00eda foinos dada por Cristo na \u00daltima Cea. \u00c9 o memorial da s\u00faa morte e Resurrecci\u00f3n. A trav\u00e9s da oraci\u00f3n e pola forza do Esp\u00edrito Santo, os d\u00f3ns (pan e vi\u00f1o) conv\u00edrtense no Corpo e Sangue de Cristo.<\/p>\n<p>No pan consagrado confesamos a presencia verdadeira e real de Xesucristo<\/p>\n<p>A Eucarist\u00eda \u00e9 o alimento espiritual para recorrer o cami\u00f1o cristi\u00e1. Por iso necesitamos a Eucarist\u00eda continuamente. \u00c9 o Sacramento da Comu\u00f1\u00f3n, con Deus e cos irm\u00e1ns.<\/p>\n<p>A Eucarist\u00eda \u00e9 a fonte e c\u00falmen de toda a vida e misi\u00f3n da Igrexa, e polo tanto, de cada cristi\u00e1.<\/p>\n","protected":false},"excerpt":{"rendered":"<p>A Eucarist\u00eda foinos dada por Cristo na \u00daltima Cea. \u00c9 o memorial da s\u00faa morte e Resurrecci\u00f3n. A trav\u00e9s da oraci\u00f3n e pola forza do Esp\u00edrito Santo, os d\u00f3ns (pan e vi\u00f1o) conv\u00edrtense no Corpo e Sangue de Cristo. No pan consagrado confesamos a presencia verdadeira e real de Xesucristo A Eucarist\u00eda \u00e9 o alimento espiritual para recorrer o cami\u00f1o cristi\u00e1. Por iso necesitamos a Eucarist\u00eda continuamente. \u00c9 o Sacramento da Comu\u00f1\u00f3n, con Deus e cos irm\u00e1ns. A Eucarist\u00eda \u00e9&hellip;<\/p>\n","protected":false},"author":1,"featured_media":0,"parent":0,"menu_order":0,"comment_status":"closed","ping_status":"closed","template":"","meta":[],"_links":{"self":[{"href":"https:\/\/parroquiamilagrosa.es\/index.php?rest_route=\/wp\/v2\/pages\/3827"}],"collection":[{"href":"https:\/\/parroquiamilagrosa.es\/index.php?rest_route=\/wp\/v2\/pages"}],"about":[{"href":"https:\/\/parroquiamilagrosa.es\/index.php?rest_route=\/wp\/v2\/types\/page"}],"author":[{"embeddable":true,"href":"https:\/\/parroquiamilagrosa.es\/index.php?rest_route=\/wp\/v2\/users\/1"}],"replies":[{"embeddable":true,"href":"https:\/\/parroquiamilagrosa.es\/index.php?rest_route=%2Fwp%2Fv2%2Fcomments&post=3827"}],"version-history":[{"count":3,"href":"https:\/\/parroquiamilagrosa.es\/index.php?rest_route=\/wp\/v2\/pages\/3827\/revisions"}],"predecessor-version":[{"id":3931,"href":"https:\/\/parroquiamilagrosa.es\/index.php?rest_route=\/wp\/v2\/pages\/3827\/revisions\/3931"}],"wp:attachment":[{"href":"https:\/\/parroquiamilagrosa.es\/index.php?rest_route=%2Fwp%2Fv2%2Fmedia&parent=3827"}],"curies":[{"name":"wp","href":"https:\/\/api.w.org\/{rel}","templated":true}]}}

Eucaristía

<p>A Eucaristía foinos dada por Cristo na Última Cea. É o memorial da súa morte e Resurrección. A través da oración e pola forza do Espírito Santo, os dóns (pan e viño) convírtense no Corpo e Sangue de Cristo.</p>
<p>No pan consagrado confesamos a presencia verdadeira e real de Xesucristo</p>
<p>A Eucaristía é o alimento espiritual para recorrer o camiño cristiá. Por iso necesitamos a Eucaristía continuamente. É o Sacramento da Comuñón, con Deus e cos irmáns.</p>
<p>A Eucaristía é a fonte e cúlmen de toda a vida e misión da Igrexa, e polo tanto, de cada cristiá.</p>

<p>A Eucaristía foinos dada por Cristo na Última Cea. É o memorial da súa morte e Resurrección. A través da oración e pola forza do Espírito Santo, os dóns (pan e viño) convírtense no Corpo e Sangue de Cristo. No pan consagrado confesamos a presencia verdadeira e real de Xesucristo A Eucaristía é o alimento espiritual para recorrer o camiño cristiá. Por iso necesitamos a Eucaristía continuamente. É o Sacramento da Comuñón, con Deus e cos irmáns. A Eucaristía é&hellip;</p>
