{"id":3840,"date":"2020-06-04T11:41:02","date_gmt":"2020-06-04T11:41:02","guid":{"rendered":"http:\/\/parroquiamilagrosa.es\/wp\/?page_id=3840"},"modified":"2020-07-10T11:00:03","modified_gmt":"2020-07-10T11:00:03","slug":"quen-somos","status":"publish","type":"page","link":"https:\/\/parroquiamilagrosa.es\/?page_id=3840","title":{"rendered":"Quen somos?"},"content":{"rendered":"<p>Unha comunidade cristi\u00e1 cat\u00f3lica na Di\u00f3cese de Lugo. A nosa misi\u00f3n pasa por seguir facendo parroquia que cre, celebra e transmite a fe en Xesucristo.<\/p>\n<ul>\n<li>P\u00e1rroco. D. Jos\u00e9 Antonio Ferreiro Varela<\/li>\n<li>Administraci\u00f3n. D. Jes\u00fas Salvador L\u00f3pez<\/li>\n<li>Consellos Parroquiais\n<ul>\n<li>\u00d3rganos de asesor\u00eda compostos por fregueses da parroquia<\/li>\n<li>Consello Pastoral<\/li>\n<li>Consello de Econom\u00eda<\/li>\n<\/ul>\n<\/li>\n<\/ul>\n<ul>\n<li>Responsables Parroquiais\n<ul>\n<li>Catequese de Primeira Comu\u00f1\u00f3n. D\u00aa Olga Fern\u00e1ndez L\u00f3pez<\/li>\n<li>Econom\u00eda. D. Valent\u00edn Arias Pont\u00f3n<\/li>\n<\/ul>\n<\/li>\n<\/ul>\n","protected":false},"excerpt":{"rendered":"<p>Unha comunidade cristi\u00e1 cat\u00f3lica na Di\u00f3cese de Lugo. A nosa misi\u00f3n pasa por seguir facendo parroquia que cre, celebra e transmite a fe en Xesucristo. P\u00e1rroco. D. Jos\u00e9 Antonio Ferreiro Varela Administraci\u00f3n. D. Jes\u00fas Salvador L\u00f3pez Consellos Parroquiais \u00d3rganos de asesor\u00eda compostos por fregueses da parroquia Consello Pastoral Consello de Econom\u00eda Responsables Parroquiais Catequese de Primeira Comu\u00f1\u00f3n. D\u00aa Olga Fern\u00e1ndez L\u00f3pez Econom\u00eda. D. Valent\u00edn Arias Pont\u00f3n<\/p>\n","protected":false},"author":1,"featured_media":0,"parent":0,"menu_order":0,"comment_status":"closed","ping_status":"closed","template":"","meta":[],"_links":{"self":[{"href":"https:\/\/parroquiamilagrosa.es\/index.php?rest_route=\/wp\/v2\/pages\/3840"}],"collection":[{"href":"https:\/\/parroquiamilagrosa.es\/index.php?rest_route=\/wp\/v2\/pages"}],"about":[{"href":"https:\/\/parroquiamilagrosa.es\/index.php?rest_route=\/wp\/v2\/types\/page"}],"author":[{"embeddable":true,"href":"https:\/\/parroquiamilagrosa.es\/index.php?rest_route=\/wp\/v2\/users\/1"}],"replies":[{"embeddable":true,"href":"https:\/\/parroquiamilagrosa.es\/index.php?rest_route=%2Fwp%2Fv2%2Fcomments&post=3840"}],"version-history":[{"count":5,"href":"https:\/\/parroquiamilagrosa.es\/index.php?rest_route=\/wp\/v2\/pages\/3840\/revisions"}],"predecessor-version":[{"id":4006,"href":"https:\/\/parroquiamilagrosa.es\/index.php?rest_route=\/wp\/v2\/pages\/3840\/revisions\/4006"}],"wp:attachment":[{"href":"https:\/\/parroquiamilagrosa.es\/index.php?rest_route=%2Fwp%2Fv2%2Fmedia&parent=3840"}],"curies":[{"name":"wp","href":"https:\/\/api.w.org\/{rel}","templated":true}]}}